{"id":701,"date":"2026-03-21T01:39:10","date_gmt":"2026-03-21T00:39:10","guid":{"rendered":"https:\/\/prolog-one.de\/wordpress\/?page_id=701"},"modified":"2026-03-21T01:58:43","modified_gmt":"2026-03-21T00:58:43","slug":"impressum","status":"publish","type":"page","link":"https:\/\/prolog-one.de\/wordpress\/impressum\/","title":{"rendered":"Impressum"},"content":{"rendered":"\t\t<div data-elementor-type=\"wp-page\" data-elementor-id=\"701\" class=\"elementor elementor-701\" data-elementor-post-type=\"page\">\n\t\t\t\t<div class=\"elementor-element elementor-element-461bedf e-flex e-con-boxed e-con e-parent\" data-id=\"461bedf\" data-element_type=\"container\" data-settings=\"{&quot;background_background&quot;:&quot;classic&quot;}\">\n\t\t\t\t\t<div class=\"e-con-inner\">\n\t\t\t\t<div class=\"elementor-element elementor-element-1f76b5b elementor-widget elementor-widget-heading\" data-id=\"1f76b5b\" data-element_type=\"widget\" data-widget_type=\"heading.default\">\n\t\t\t\t\t<h2 class=\"elementor-heading-title elementor-size-default\">Impressum<\/h2>\t\t\t\t<\/div>\n\t\t\t\t\t<\/div>\n\t\t\t\t<\/div>\n\t\t<div class=\"elementor-element elementor-element-f8e4dac e-flex e-con-boxed e-con e-parent\" data-id=\"f8e4dac\" data-element_type=\"container\">\n\t\t\t\t\t<div class=\"e-con-inner\">\n\t\t\t\t<div class=\"elementor-element elementor-element-331c6be elementor-widget__width-initial elementor-widget elementor-widget-text-editor\" data-id=\"331c6be\" data-element_type=\"widget\" data-widget_type=\"text-editor.default\">\n\t\t\t\t\t\t\t\t\t<p>Angaben gem\u00e4\u00df \u00a7 5 TMG:<\/p><p>prolog.one GmbH i.G.<br \/>Gohliser Stra\u00dfe 20<br \/>01159 Dresden<br \/>Deutschland<\/p><p>Vertreten durch den Gesch\u00e4ftsf\u00fchrer:<br \/>Bj\u00f6rn Vollack<\/p><p>E-Mail: hi@prolog.one<\/p><p>Registereintrag: Eintragung im Handelsregister<br \/>Registergericht: Amtsgericht Dresden<br \/>Registernummer: Beantragt<\/p><p>Umsatzsteuer-ID: Beantragt<\/p><p>Verantwortlich f\u00fcr den Inhalt nach \u00a7 55 Abs. 2 RStV:<br \/>Bj\u00f6rn Vollack, Anschrift wie oben<\/p>\t\t\t\t\t\t\t\t<\/div>\n\t\t\t\t\t<\/div>\n\t\t\t\t<\/div>\n\t\t\t\t<\/div>\n\t\t","protected":false},"excerpt":{"rendered":"<p>Impressum Angaben gem\u00e4\u00df \u00a7 5 TMG: prolog.one GmbH i.G.Gohliser Stra\u00dfe 2001159 DresdenDeutschland Vertreten durch den Gesch\u00e4ftsf\u00fchrer:Bj\u00f6rn Vollack E-Mail: hi@prolog.one Registereintrag: Eintragung im HandelsregisterRegistergericht: Amtsgericht DresdenRegisternummer: Beantragt Umsatzsteuer-ID: Beantragt Verantwortlich f\u00fcr den Inhalt nach \u00a7 55 Abs. 2 RStV:Bj\u00f6rn Vollack, Anschrift wie oben<\/p>\n","protected":false},"author":1,"featured_media":0,"parent":0,"menu_order":0,"comment_status":"closed","ping_status":"open","template":"elementor_header_footer","meta":{"footnotes":""},"class_list":["post-701","page","type-page","status-publish","hentry"],"_links":{"self":[{"href":"https:\/\/prolog-one.de\/wordpress\/wp-json\/wp\/v2\/pages\/701","targetHints":{"allow":["GET"]}}],"collection":[{"href":"https:\/\/prolog-one.de\/wordpress\/wp-json\/wp\/v2\/pages"}],"about":[{"href":"https:\/\/prolog-one.de\/wordpress\/wp-json\/wp\/v2\/types\/page"}],"author":[{"embeddable":true,"href":"https:\/\/prolog-one.de\/wordpress\/wp-json\/wp\/v2\/users\/1"}],"replies":[{"embeddable":true,"href":"https:\/\/prolog-one.de\/wordpress\/wp-json\/wp\/v2\/comments?post=701"}],"version-history":[{"count":28,"href":"https:\/\/prolog-one.de\/wordpress\/wp-json\/wp\/v2\/pages\/701\/revisions"}],"predecessor-version":[{"id":736,"href":"https:\/\/prolog-one.de\/wordpress\/wp-json\/wp\/v2\/pages\/701\/revisions\/736"}],"wp:attachment":[{"href":"https:\/\/prolog-one.de\/wordpress\/wp-json\/wp\/v2\/media?parent=701"}],"curies":[{"name":"wp","href":"https:\/\/api.w.org\/{rel}","templated":true}]}}